048827.
71, 337, 188701
What are the prime factors of 91064777?
19, 149, 1693
List the prime factors of 6286138244.
2, 59, 4129, 6451
What are the prime factors of 235422590?
2, 5, 13, 67, 151, 179
List the prime factors of 568244352.
2, 3, 13, 89, 1279
What are the prime factors of 563423139?
3, 62602571
List the prime factors of 691704121.
691704121
What are the prime factors of 1293043034?
2, 646521517
What are the prime factors of 41344315?
5, 8268863
What are the prime factors of 43833595?
5, 13, 674363
List the prime factors of 239937169.
14821, 16189
List the prime factors of 131240542.
2, 65620271
What are the prime factors of 1071316659?
3, 7, 17, 3000887
List the prime factors of 139854283.
23, 6080621
What are the prime factors of 421829501?
421829501
What are the prime factors of 62742843?
3, 73, 131
List the prime factors of 1068728552.
2, 373, 358153
What are the prime factors of 41834429?
7, 13, 35363
What are the prime factors of 572393047?
9931, 57637
List the prime factors of 102203135.
5, 1951, 10477
List the prime factors of 2947057683.
3, 14551, 67511
What are the prime factors of 266309804?
2, 1487, 44773
What are the prime factors of 70908790?
2, 5, 509, 13931
What are the prime factors of 16649222?
2, 17, 157, 3119
List the prime factors of 67462862.
2, 797, 42323
List the prime factors of 91167067.
41, 2223587
List the prime factors of 818346582.
2, 3, 45463699
List the prime factors of 78943153.
23, 601, 5711
What are the prime factors of 1283628436?
2, 23, 103, 135461
List the prime factors of 79666561.
13, 6128197
What are the prime factors of 1509325407?
3, 1231, 15137
List the prime factors of 1183190677.
12203, 96959
List the prime factors of 2141475944.
2, 267684493
List the prime factors of 370508899.
8837, 41927
What are the prime factors of 6951052268?
2, 1737763067
List the prime factors of 695813271.
3, 231937757
List the prime factors of 2125762793.
7, 11, 41, 673349
What are the prime factors of 21051946?
2, 23, 457651
What are the prime factors of 157774263?
3, 17, 3093613
What are the prime factors of 2304156412?
2, 709, 812467
List the prime factors of 1830746071.
7, 11, 157, 199, 761
List the prime factors of 80785389.
3, 89, 302567
List the prime factors of 64816118.
2, 32408059
What are the prime factors of 1710572764?
2, 101, 4234091
What are the prime factors of 74696663?
23, 29, 53, 2113
What are the prime factors of 2348081769?
3, 11, 17, 19, 220291
List the prime factors of 618563094.
2, 3, 6037, 17077
What are the prime factors of 2993714?
2, 239, 6263
What are the prime factors of 5066024?
2, 633253
List the prime factors of 226776198.
2, 3, 11, 3436003
List the prime factors of 2651237537.
13, 203941349
What are the prime factors of 3131255760?
2, 3, 5, 13046899
What are the prime factors of 5632773734?
2, 7, 43, 463, 2887
List the prime factors of 77573362.
2, 1451, 26731
List the prime factors of 17392485.
3, 5, 11, 23, 4583
What are the prime factors of 122426536?
2, 2237, 6841
What are the prime factors of 342672770?
2, 5, 11, 47, 79, 839
List the prime factors of 165517704.
2, 3, 11, 103, 2029
What are the prime factors of 126217197?
3, 17, 71, 1291
What are the prime factors of 1552802069?
7, 13, 17063759
List the prime factors of 494561907.
3, 7, 67, 117167
List the prime factors of 1365513143.
12101, 112843
What are the prime factors of 76287371?
29, 2630599
List the prime factors of 108306381.
3, 36102127
List the prime factors of 113863421.
7, 16266203
List the prime factors of 1138773523.
1031, 1104533
What are the prime factors of 1624605871?
7, 31, 193, 38791
What are the prime factors of 2674405879?
23059, 115981
List the prime factors of 38961937.
7, 5565991
What are the prime factors of 1250345613?
3, 11, 131, 223, 1297
List the prime factors of 76304805.
3, 5, 83, 167, 367
List the prime factors of 73753885.
5, 691, 21347
List the prime factors of 365301830.
2, 5, 31, 1178393
List the prime factors of 690287412.
2, 3, 5413, 10627
What are the prime factors of 2144315226?
2, 3, 293, 1219747
What are the prime factors of 8772061760?
2, 5, 7, 11, 577, 617
List the prime factors of 284143864.
2, 193, 184031
What are the prime factors of 6632509?
13, 37, 13789
List the prime factors of 4627664988.
2, 3, 43, 151, 59393
List the prime factors of 6496414256.
2, 443, 916537
What are the prime factors of 57134675?
5, 13, 13523
List the prime factors of 2629768346.
2, 47, 4019, 6961
What are the prime factors of 736789807?
13, 277, 15739
What are the prime factors of 519640505?
5, 103928101
What are the prime factors of 1062992313?
3, 118110257
List the prime factors of 5686683884.
2, 7, 1163, 174631
What are the prime factors of 373131632?
2, 29, 61, 13183
What are the prime factors of 498650258?
2, 23, 37, 292979
List the prime factors of 1113398755.
5, 7, 2687, 11839
What are the prime factors of 1573650928?
2, 79, 1013, 1229
List the prime factors of 2871883970.
2, 5, 53, 71, 167, 457
List the prime factors of 3774972530.
2, 5, 7, 53928179
What are the prime factors of 69370820?
2, 5, 3468541
What are the prime factors of 89419120?
2, 5, 7, 22811
List the prime factors of 997192110.
2, 3, 5, 33239737
List the prime factors of 428537490.
2, 3, 5, 31, 460793
List the prime factors of 429743715.
3, 5, 37, 774313
What are the prime factors of 81821042?
2, 173, 236477
What are the prime factors of 2002808216?
2, 17, 14726531
List the prime factors of 1133621724.
2, 3, 94468477
List the prime factors of 1451872093.
7, 3061, 67759
List the prime factors of 2900005789.
139, 20863351
What are the prime factors of 40950994?
2, 7, 17, 23, 7481
What are the prime factors of 2504338709?
2504338709
What are the prime factors of 2099455470?
2, 3, 5, 7, 31, 5119
List the prime factors of 3612253188.
2, 3, 5711, 52709
What are the prime factors of 1514735077?
101, 14997377
List the prime factors of 87673807.
13, 6744139
List the prime factors of 40569725.
5, 7, 231827
List the prime factors of 54695412.
2, 3, 18757
List the prime factors of 17231685.
3, 5, 41, 28019
List the prime factors of 1450364139.
3, 7, 23021653
What are the prime factors of 26330555?
5, 691, 7621
What are the prime factors of 210036754?
2, 19, 131, 42193
What are the prime factors of 109985399?
89, 1235791
List the prime factors of 66807858.
2, 3, 13, 17, 50383
What are the prime factors of 291285839?
13, 3823, 5861
List the prime factors of 389583127.
131, 2973917
What are the prime factors of 136744948?
2, 34186237
List the prime factors of 124061446.
2, 53, 137, 8543
List the prime factors of 5218906263.
3, 19, 91559759
What are the prime factors of 14379103?
61, 235723
What are the prime factors of 95891300?
2, 5, 727, 1319
What are the prime factors of 361425015?
3, 5, 7, 17, 67493
What are the prime factors of 4227949649?
7, 11, 149, 368513
List the prime factors of 16603140.
2, 3, 5, 167, 1657
List the prime factors of 424848997.
3733, 113809
What are the prime factors of 1251364880?
2, 5, 15642061
List the prime factors of 49491660.
2, 3, 5, 824861
What are the prime factors of 76338478?
2, 359, 106321
What are the prime factors of 1358658554?
2, 11, 2939, 21013
What are the prime factors of 1239283620?
2, 3, 5, 167, 41227
List the prime factors of 301939407.
3, 7, 11, 163
List the prime factors of 4458015071.
4458015071
List the prime factors of 1571653.
41, 38333
What are the prime factors of 4122045632?
2, 64406963
List the prime factors of 1143446155.
5, 228689231
List the prime factors of 289102913.
11, 26282083
What are the prime factors of 779666203?
67, 223, 52183
What are the prime factors of 207433675?
5, 59, 67, 2099
List the prime factors of 613060574.
2, 7, 19, 47, 49037
List the prime factors of 167481847.
13, 1481, 8699
What are the prime factors of 8251998368?
2, 257874949
What are the prime factors of 40218822?
2, 3, 7, 103, 1033
List the prime factors of 5319332949.
3, 7, 4523, 56003
What are the prime factors of 2769857813?
2769857813
What are the prime factors of 6861989546?
2, 50461, 67993
What are the prime factors of 10464576?
2, 3, 54503
What are the prime factors of 1408487791?
17, 82852223
List the prime factors of 61469103.
3, 227, 90263
List the prime factors of 592948390.
2, 5, 19, 9